t common factor of 2321585 and 7044.
587
Calculate the greatest common divisor of 114 and 17532972.
114
What is the greatest common factor of 47676398 and 1694?
154
Calculate the greatest common factor of 6661570 and 11660.
530
What is the greatest common divisor of 1046897304 and 168?
24
Calculate the highest common factor of 18848 and 1226316848.
9424
Calculate the highest common divisor of 18953 and 422460647.
1723
What is the greatest common divisor of 3948350 and 730?
10
Calculate the highest common divisor of 15900487 and 163.
163
What is the greatest common divisor of 51 and 21901831?
17
What is the highest common divisor of 147822 and 753?
3
What is the greatest common factor of 219 and 10355?
1
Calculate the highest common factor of 1515 and 26864990.
505
What is the highest common divisor of 4841 and 16352383?
103
Calculate the greatest common divisor of 4605 and 921081355.
1535
What is the greatest common divisor of 58822929 and 107?
107
What is the highest common factor of 12144 and 1490929?
253
Calculate the greatest common factor of 211320 and 160.
40
What is the greatest common divisor of 11856561 and 7506?
417
What is the highest common factor of 5010 and 505175835?
2505
Calculate the greatest common factor of 6223504 and 128.
16
What is the highest common divisor of 14460180 and 840?
420
Calculate the highest common divisor of 2148 and 4466945.
179
Calculate the greatest common divisor of 13397550 and 23550.
150
Calculate the greatest common divisor of 3294351 and 234009.
729
Calculate the highest common divisor of 4784206 and 49.
7
What is the greatest common factor of 6180399 and 230676?
1227
What is the greatest common factor of 1551292 and 72204?
2188
Calculate the greatest common factor of 3374562 and 24.
6
Calculate the highest common divisor of 40561 and 206659.
47
Calculate the highest common factor of 80992 and 402429.
2531
Calculate the highest common factor of 6327 and 131609.
37
What is the highest common divisor of 670191 and 1613251?
773
What is the highest common factor of 4302150 and 92?
46
Calculate the greatest common divisor of 1759 and 28534498.
1759
Calculate the highest common divisor of 1275000 and 54774.
102
What is the highest common factor of 153833698 and 2212?
158
What is the greatest common factor of 588 and 666988?
196
What is the highest common divisor of 4453659 and 2058?
147
Calculate the greatest common factor of 18648222 and 33198.
3018
Calculate the greatest common divisor of 63381 and 250098.
1713
What is the highest common divisor of 2184 and 2336984?
104
What is the greatest common factor of 212902 and 794?
2
What is the highest common factor of 233857176 and 21?
21
Calculate the greatest common factor of 60 and 220296.
12
What is the highest common factor of 894661256 and 16?
8
Calculate the highest common divisor of 3806793 and 8874.
153
What is the greatest common factor of 270 and 927370?
10
Calculate the greatest common divisor of 6468 and 15967140.
588
What is the greatest common factor of 1303302 and 1088906?
5642
What is the highest common factor of 28247 and 55070231?
601
Calculate the highest common factor of 1591842 and 4832.
302
What is the highest common divisor of 1482808167 and 27?
27
Calculate the highest common divisor of 488305 and 987817.
1601
What is the greatest common factor of 886622 and 526778?
382
What is the highest common divisor of 64247656 and 656?
328
Calculate the greatest common divisor of 4310847 and 95877.
1809
Calculate the highest common factor of 39 and 1762698.
3
What is the highest common factor of 16364819 and 149?
149
What is the greatest common divisor of 2571192 and 1911?
39
What is the greatest common divisor of 126 and 410793978?
42
What is the greatest common factor of 76 and 679607732?
76
What is the highest common factor of 43952 and 23288?
328
What is the greatest common factor of 85699405 and 1045?
1045
What is the highest common divisor of 11591395 and 60?
5
Calculate the greatest common divisor of 424 and 136475212.
212
What is the greatest common divisor of 47756384 and 260?
52
What is the highest common factor of 3 and 57942207?
3
Calculate the highest common factor of 92575 and 46410.
35
Calculate the highest common divisor of 1560086 and 2882.
22
Calculate the greatest common divisor of 72455860 and 13148.
692
What is the highest common divisor of 36190220 and 280?
20
What is the highest common divisor of 2457 and 1894941?
27
Calculate the highest common divisor of 18792 and 368016.
24
What is the highest common factor of 5027 and 13768496?
457
What is the greatest common divisor of 46248 and 498232?
328
What is the highest common divisor of 207 and 2678833?
23
What is the greatest common divisor of 4277 and 9698234?
91
What is the greatest common factor of 6001 and 18301991?
353
What is the highest common divisor of 13803285 and 40?
5
What is the greatest common divisor of 1422929 and 304?
19
Calculate the greatest common factor of 2652 and 2936954.
34
What is the greatest common factor of 4897 and 40415?
59
Calculate the highest common divisor of 3325 and 5818925.
175
Calculate the greatest common factor of 198627120 and 45.
45
What is the greatest common factor of 121910445 and 59010?
4215
Calculate the greatest common divisor of 200 and 411752.
8
What is the highest common factor of 6831840 and 16512000?
20640
Calculate the greatest common factor of 1716 and 1025436.
12
Calculate the greatest common factor of 375058703 and 5689.
5689
What is the greatest common factor of 35067423 and 615?
123
Calculate the highest common factor of 534 and 283213308.
534
What is the greatest common factor of 438577 and 11649033?
10697
Calculate the greatest common factor of 1075 and 5091802.
43
What is the highest common divisor of 227535 and 100023?
231
Calculate the greatest common divisor of 4138 and 24472.
2
Calculate the highest common factor of 25653869 and 470.
47
Calculate the highest common factor of 6973 and 149815.
19
Calculate the highest common divisor of 1799 and 5407234.
7
What is the highest common divisor of 556087 and 98?
7
Calculate the greatest common factor of 25334225 and 31360.
245
What is the highest common factor of 20912 and 62877156?
5228
Calculate the greatest common divisor of 516 and 25865188.
172
Calculate the greatest common divisor of 23116 and 12709.
1
Calculate the highest common divisor of 627613568 and 8.
8
What is the highest common factor of 61939510 and 530?
530
What is the highest common factor of 116568 and 210803514?
9714
What is the greatest common factor of 176455185 and 615?
615
Calculate the greatest common factor of 2572540 and 620.
20
What is the greatest common divisor of 147 and 759927?
21
Calculate the highest common factor of 322665 and 507150.
735
What is the highest common divisor of 2712300 and 12100?
100
What is the highest common factor of 10069192 and 1736?
56
Calculate the greatest common divisor of 36185651 and 81473.
11639
What is the highest common divisor of 141056 and 1292?
76
Calculate the highest common divisor of 59930792 and 508.
508
Calculate the greatest common factor of 283347981 and 7593.
7593
Calculate the highest common factor of 45232 and 3789208.
2056
What is the greatest common factor of 6839360 and 126764?
2948
Calculate the greatest common factor of 414152393 and 9715.
1943
What is the highest common divisor of 301 and 240023?
7
Calculate the greatest common divisor of 58638 and 88334.
58
Calculate the highest common factor of 5078836 and 28.
28
Calculate the highest common factor of 148 and 16647188.
148
What is the greatest common divisor of 7850 and 849370?
1570
What is the greatest common factor of 6 and 163972923?
3
Calculate the greatest common divisor of 9088 and 413362.
142
Calculate the greatest common factor of 69283 and 121903.
877
Calculate the highest common factor of 3870837 and 1998.
9
Calculate the greatest common divisor of 2220 and 23458148.
148
What is the highest common factor of 20 and 527705540?
20
What is the highest common factor of 708 and 406842?
6
Calculate the greatest common factor of 1444 and 66899.
19
Calculate the greatest common factor of 1050 and 5955306.
42
What is the highest common factor of 1976 and 503731306?
494
Calculate th